{"id":2943,"date":"2020-05-19T05:49:14","date_gmt":"2020-05-19T05:49:14","guid":{"rendered":"https:\/\/omegatech.mx\/oficial\/?page_id=2943"},"modified":"2021-09-15T00:58:27","modified_gmt":"2021-09-15T00:58:27","slug":"sonido-vssl","status":"publish","type":"page","link":"https:\/\/omegatech.mx\/oficial\/sonido-vssl\/","title":{"rendered":"Sonido VSSL"},"content":{"rendered":"<p>[vc_row full_width=&#8221;stretch_row_content_no_spaces&#8221; equal_height=&#8221;yes&#8221; css=&#8221;.vc_custom_1590132648805{margin-top: -20px !important;}&#8221;][vc_column width=&#8221;1\/3&#8243; el_class=&#8221;div_overlay&#8221; css=&#8221;.vc_custom_1590177562888{padding-top: 20px !important;padding-right: 20px !important;padding-bottom: 20px !important;padding-left: 20px !important;background-image: url(https:\/\/omegatech.mx\/oficial\/wp-content\/uploads\/2020\/05\/maxresdefault.jpg?id=3050) !important;}&#8221;][vc_single_image image=&#8221;3085&#8243; img_size=&#8221;full&#8221;][\/vc_column][vc_column width=&#8221;1\/3&#8243; el_class=&#8221;div_overlay&#8221; css=&#8221;.vc_custom_1590178033121{padding-top: 20px !important;padding-right: 20px !important;padding-bottom: 20px !important;padding-left: 20px !important;background-image: url(https:\/\/omegatech.mx\/oficial\/wp-content\/uploads\/2020\/05\/Home-theater-tysto2.jpg?id=3082) !important;}&#8221;][vc_single_image image=&#8221;3082&#8243; img_size=&#8221;full&#8221;][\/vc_column][vc_column width=&#8221;1\/3&#8243; el_class=&#8221;div_overlay&#8221; css=&#8221;.vc_custom_1590178110200{padding-top: 20px !important;padding-right: 20px !important;padding-bottom: 20px !important;padding-left: 20px !important;background-image: url(https:\/\/omegatech.mx\/oficial\/wp-content\/uploads\/2020\/05\/gadget-google-assistant-google-home-1072851-1.jpg?id=3051) !important;}&#8221;][vc_single_image image=&#8221;3051&#8243; img_size=&#8221;full&#8221;][\/vc_column][\/vc_row][vc_row full_width=&#8221;stretch_row&#8221; el_class=&#8221;hide-overflow&#8221; css=&#8221;.vc_custom_1588968040773{padding-top: 20px !important;background-color: #ffffff !important;}&#8221;][vc_column width=&#8221;1\/2&#8243;][vc_row_inner][vc_column_inner width=&#8221;1\/2&#8243;]\r\n\r\n<div class=\"wd-section-text-icon\">\r\n\t\t<a href=\"\">\r\n\t    <div class=\"wd-text-icon-style6  \" >\r\n      <div class=\"box-icon\">\r\n                                             <img src=\"https:\/\/omegatech.mx\/oficial\/wp-content\/uploads\/2020\/05\/VSSL.png\" alt=\"icon\"\/>\r\n                <\/div>\r\n      <div class=\"box-description\">\r\n        <h3>Los productos VSSL<\/h3>\r\n        <p>\r\n          ofrecen una amplia gama de caracter\u00edsticas para satisfacer cualquier necesidad        <\/p>\r\n      <\/div>\r\n    <\/div>\r\n\t\t\t<\/a>\r\n\t<\/div>\r\n      \r\n\r\n\r\n\r\n        \r\n      \r\n    [vc_single_image image=&#8221;2962&#8243; img_size=&#8221;full&#8221;][\/vc_column_inner][vc_column_inner width=&#8221;1\/2&#8243; css=&#8221;.vc_custom_1589868440643{background-position: center !important;background-repeat: no-repeat !important;background-size: cover !important;}&#8221;][vc_video link=&#8221;https:\/\/youtu.be\/207Qz4RNEXI&#8221;][vc_video link=&#8221;https:\/\/youtu.be\/nkLJr16UwZU&#8221;][vc_video link=&#8221;https:\/\/youtu.be\/PPtOgnp9IB0&#8243;][vc_raw_html]JTNDZGl2JTIwY2xhc3MlM0QlMjJwYXJhZ3JhcGglMjIlM0UlMEElM0NwJTNFJTBBJTdDJTIwQ29uJTIwbGFzJTIwY2FwYWNpZGFkZXMlMjBkZSUyMHRyYW5zbWlzaSVDMyVCM24lMjBuYXRpdmElMkMlMjB1c2UlMjBjdWFscXVpZXJhJTIwZGUlMjBzdXMlMjBhcGxpY2FjaW9uZXMlMjBmYXZvcml0YXNwYXJhJTIwcmVwcm9kdWNpciUyMG0lQzMlQkFzaWNhJTIwZGlyZWN0YW1lbnRlJTIwZW4lMjBsYXMlMjB6b25hcyUyMGRlJTIwYXVkaW8lMjBkZXNlYWRhcy4lM0NiciUzRSUwQSU3QyUyMENvbnRyb2wlMjBkZSUyMHpvbmElMjB1c2FuZG8lMjBjdWFscXVpZXIlMjBkaXNwb3NpdGl2byUyMG0lQzMlQjN2aWwlMjBvJTIwdGFibGV0YS4lMjAlM0NiciUzRSUwQSU3QyUyMDZ4Nng2JTNBJTIwc2VpcyUyMHBlcnNvbmFzJTIwZGlmZXJlbnRlcyUyMHF1ZSUyMGVzY3VjaGFuJTIwc2VpcyUyMGNhbmNpb25lcyUyMGRpZmVyZW50ZXMlMjBlbiUyMHNlaXMlMjB6b25hcyUyMGRpZmVyZW50ZXMlMkMlMjBzaW11bHQlQzMlQTFuZWFtZW50ZS4lM0NiciUzRSUwQSU3QyUyMFpvbmFzJTIwZGUlMjBmaWVzdGElMjBmJUMzJUExY2lsZXMlMjBkZSUyMGNvbmZpZ3VyYXIuJTNDYnIlM0UlMEElN0MlMjBBcGxpY2FjaSVDMyVCM24lMjBmJUMzJUExY2lsJTIwZGUlMjB1c2FyJTIwcGFyYSUyMGxhJTIwaW5zdGFsYWNpJUMzJUIzbiUyMHklMjBjb250cm9sJTIwYWp1c3RhZG8uJTNDYnIlM0UlMEElN0MlMjBBbXBsaWZpY2Fkb3IlMjBkZSUyMGFsdGElMjBmaWRlbGlkYWQlM0MlMkZwJTNFJTBBJTNDJTJGZGl2JTNF[\/vc_raw_html][\/vc_column_inner][\/vc_row_inner][\/vc_column][vc_column width=&#8221;1\/2&#8243;][vc_row_inner][vc_column_inner css=&#8221;.vc_custom_1588967774440{padding-right: 60px !important;padding-left: 60px !important;}&#8221;][vc_single_image image=&#8221;2952&#8243; img_size=&#8221;full&#8221;][vc_column_text]<\/p>\n<h4><strong>ESCUCHE VSSL EN CUALQUIER LUGAR DE SU CASA<\/strong><\/h4>\n<p>Cuando quieres escuchar tu m\u00fasica, quieres que suene genial. VSSL ofrece un gran sonido a los altavoces de su hogar y el beneficio de la operaci\u00f3n de voz.<\/p>\n<h4 class=\"mqn2-ct8 ng-binding ng-scope\"><strong>TU M\u00daSICA, NO UNA CUENTA COMPARTIDA<\/strong><\/h4>\n<p class=\"mqn2-d1s ng-binding ng-scope\">Con otros sistemas, debe iniciar sesi\u00f3n en su cuenta en cada dispositivo desde el que desea transmitir m\u00fasica. Con VSSL todo lo que necesita es una conexi\u00f3n a Internet y cualquiera puede reproducir su m\u00fasica con su VSSL. Sin inicio de sesi\u00f3n, cuentas o aplicaciones de terceros. Solo t\u00fa, tus amigos y familiares y su m\u00fasica.<\/p>\n<p>[\/vc_column_text][\/vc_column_inner][\/vc_row_inner][vc_single_image image=&#8221;2963&#8243; img_size=&#8221;full&#8221; alignment=&#8221;center&#8221;][vc_row_inner css=&#8221;.vc_custom_1589869998217{background-position: center !important;background-repeat: no-repeat !important;background-size: cover !important;}&#8221;][vc_column_inner][vc_single_image image=&#8221;2966&#8243; img_size=&#8221;510&#215;225&#8243; alignment=&#8221;center&#8221;][\/vc_column_inner][\/vc_row_inner][\/vc_column][vc_column][\/vc_column][\/vc_row][vc_row full_width=&#8221;stretch_row&#8221; css=&#8221;.vc_custom_1589870777522{background-image: url(https:\/\/omegatech.mx\/oficial\/wp-content\/uploads\/2018\/02\/parcking.jpg?id=1869) !important;}&#8221; font_color=&#8221;#ffffff&#8221;][vc_column width=&#8221;1\/2&#8243; css=&#8221;.vc_custom_1589872689420{margin-top: 30px !important;}&#8221;]\r\n\r\n<div class=\"\" >\r\n  <div class=\"large-12   wd-title-section_l wd-layout_2\" >\r\n            <div class=\"subtitle-content\">\r\n        <h5 style=\"color:#dd3333\">VSSL 6 zonas, 12x50W, con Chromecast incorporado, Airplay, Spotify Conn en cada zona - funciona con GoogleAsst<\/h5>\r\n        <hr>\r\n      <\/div>\r\n                <h2 style=\"color:#ffffff\">Que es VSSL<\/h2>\r\n    \r\n  <\/div>\r\n<\/div>\r\n\r\n  \r\n[vc_column_text css=&#8221;.vc_custom_1589872557348{padding-right: 20px !important;}&#8221;]<\/p>\n<h5 style=\"color: white;\">VSSL es el principal sistema de audio para el hogar para altavoces arquitect\u00f3nicos. Hemos conectado Google Home, Apple Airplay y Spotify Connect para ofrecerle todas las opciones de transmisi\u00f3n posibles en una caja conveniente.<br \/>\nLos productos VSSL ofrecen una amplia gama de caracter\u00edsticas para satisfacer cualquier necesidad.<\/h5>\n<p>[\/vc_column_text][\/vc_column][vc_column width=&#8221;1\/2&#8243;][vc_images_carousel images=&#8221;2996,2987,2995&#8243; img_size=&#8221;full&#8221; onclick=&#8221;link_no&#8221; autoplay=&#8221;yes&#8221; hide_pagination_control=&#8221;yes&#8221; hide_prev_next_buttons=&#8221;yes&#8221; wrap=&#8221;yes&#8221;][\/vc_column][\/vc_row][vc_row full_width=&#8221;stretch_row&#8221; css=&#8221;.vc_custom_1589612418383{padding-bottom: 15px !important;background-color: #000000 !important;}&#8221;][vc_column width=&#8221;1\/4&#8243;][\/vc_column][vc_column width=&#8221;1\/2&#8243; css=&#8221;.vc_custom_1588970409953{padding-top: 10px !important;}&#8221;]\t\t<div class=\"wd-heading   text-center\" >\r\n\t\t\t\r\n\t\t\t\t\r\n\t\t\t\t<h2 style=\"margin:0;color:#ffffff;\" >\r\n\t\t\t\t\tConf\u00eda en los expertos\t\t\t\t<\/h2>\r\n\r\n        <div style='margin-top: 10px;'><\/div>\t\t\t\t\r\n      \t\t\t\t<h4 style=\"color:#ffffff;\" >\r\n\t\t\t\t\tProveemos seguridad integral en todos los sectores\t\t\t\t<\/h4>\r\n      \r\n\t\t\t\t\r\n\t\t\t\t\t<\/div>\r\n\r\n\t\t[\/vc_column][vc_column width=&#8221;1\/4&#8243;][\/vc_column][\/vc_row][vc_row css=&#8221;.vc_custom_1589612236928{background: #000000 url(https:\/\/omegatech.mx\/oficial\/wp-content\/uploads\/2018\/02\/parcking.jpg?id=1869) !important;}&#8221;][vc_column width=&#8221;1\/4&#8243; css=&#8221;.vc_custom_1589612475729{margin-top: -15px !important;padding-top: 25px !important;padding-left: 30px !important;background-color: #dd3333 !important;}&#8221;]\r\n\r\n<div class=\"wd_empty_space\" data-heightmobile=\"80\" data-heighttablet=\"50\" data-heightdesktop=\"0\">\r\n\r\n<\/div>\r\n      \r\n\r\n\r\n\r\n        \r\n      \r\n    \r\n\r\n<div class=\"\" >\r\n  <div class=\"large-12   wd-title-section_l wd-layout_2\" >\r\n            <div class=\"subtitle-content\">\r\n        <h5 style=\"color:#ffffff\">Env\u00edanos tu pedido<\/h5>\r\n        <hr>\r\n      <\/div>\r\n                <h2 style=\"color:#ffffff\">Cotiza ahora!<\/h2>\r\n    \r\n  <\/div>\r\n<\/div>\r\n\r\n  \r\n\r\n\r\n<div class=\"wd_empty_space\" data-heightmobile=\"45\" data-heighttablet=\"40\" data-heightdesktop=\"0\">\r\n\r\n<\/div>\r\n      \r\n\r\n\r\n\r\n        \r\n      \r\n    [\/vc_column][vc_column width=&#8221;3\/4&#8243; css=&#8221;.vc_custom_1589612139435{padding-top: 20px !important;padding-left: 20px !important;}&#8221;]<div role=\"form\" class=\"wpcf7\" id=\"wpcf7-f701-o1\" lang=\"en-US\" dir=\"ltr\">\n<div class=\"screen-reader-response\" role=\"alert\" aria-live=\"polite\"><\/div>\n<form action=\"\/oficial\/wp-json\/wp\/v2\/pages\/2943#wpcf7-f701-o1\" method=\"post\" class=\"wpcf7-form init\" novalidate=\"novalidate\">\n<div style=\"display: none;\">\n<input type=\"hidden\" name=\"_wpcf7\" value=\"701\" \/>\n<input type=\"hidden\" name=\"_wpcf7_version\" value=\"5.2\" \/>\n<input type=\"hidden\" name=\"_wpcf7_locale\" value=\"en_US\" \/>\n<input type=\"hidden\" name=\"_wpcf7_unit_tag\" value=\"wpcf7-f701-o1\" \/>\n<input type=\"hidden\" name=\"_wpcf7_container_post\" value=\"0\" \/>\n<input type=\"hidden\" name=\"_wpcf7_posted_data_hash\" value=\"\" \/>\n<\/div>\n<div class=\"large-4 columns\">\n  <span class=\"wpcf7-form-control-wrap your-name\"><input type=\"text\" name=\"your-name\" value=\"\" size=\"40\" class=\"wpcf7-form-control wpcf7-text wpcf7-validates-as-required\" aria-required=\"true\" aria-invalid=\"false\" placeholder=\"Nombre completo\" \/><\/span>\n<\/div>\n<div class=\"large-4 columns\">\n  <span class=\"wpcf7-form-control-wrap your-email\"><input type=\"email\" name=\"your-email\" value=\"\" size=\"40\" class=\"wpcf7-form-control wpcf7-text wpcf7-email wpcf7-validates-as-required wpcf7-validates-as-email\" aria-required=\"true\" aria-invalid=\"false\" placeholder=\"Mail\" \/><\/span>\n<\/div>\n<div class=\"large-4 columns\">\n  <span class=\"wpcf7-form-control-wrap telefono\"><input type=\"tel\" name=\"telefono\" value=\"\" size=\"40\" class=\"wpcf7-form-control wpcf7-text wpcf7-tel wpcf7-validates-as-required wpcf7-validates-as-tel\" aria-required=\"true\" aria-invalid=\"false\" placeholder=\"Tel\u00e9fono de contacto\" \/><\/span>\n<\/div>\n<div class=\"large-2 columns\">\n  <span class=\"wpcf7-form-control-wrap Servicio\"><select name=\"Servicio\" class=\"wpcf7-form-control wpcf7-select wpcf7-validates-as-required\" aria-required=\"true\" aria-invalid=\"false\"><option value=\"Elige Servicio\">Elige Servicio<\/option><option value=\"Videovigilancia\">Videovigilancia<\/option><option value=\"Control de acceso\">Control de acceso<\/option><option value=\"Alarmas\">Alarmas<\/option><option value=\"Seguridad perimetral\">Seguridad perimetral<\/option><option value=\"Dom\u00f3tica\">Dom\u00f3tica<\/option><option value=\"Internet\">Internet<\/option><option value=\"Redes\">Redes<\/option><option value=\"Energ\u00eda\">Energ\u00eda<\/option><\/select><\/span>\n<\/div>\n<div class=\"large-2 columns\">\n  <span class=\"wpcf7-form-control-wrap Sector\"><select name=\"Sector\" class=\"wpcf7-form-control wpcf7-select wpcf7-validates-as-required\" aria-required=\"true\" aria-invalid=\"false\"><option value=\"Elige Sector\">Elige Sector<\/option><option value=\"Residencial\">Residencial<\/option><option value=\"Empresarial\">Empresarial<\/option><option value=\"Negocio\">Negocio<\/option><option value=\"Desarrollos habitacionales\">Desarrollos habitacionales<\/option><option value=\"Gubernamental\">Gubernamental<\/option><option value=\"Industrial\">Industrial<\/option><\/select><\/span>\n<\/div>\n<div class=\"large-2 columns\">\n  <span class=\"wpcf7-form-control-wrap Plan\"><select name=\"Plan\" class=\"wpcf7-form-control wpcf7-select wpcf7-validates-as-required\" aria-required=\"true\" aria-invalid=\"false\"><option value=\"Elige Plan\">Elige Plan<\/option><option value=\"Renta Alarma\">Renta Alarma<\/option><option value=\"Renta CCTV\">Renta CCTV<\/option><option value=\"Renta WiFi\">Renta WiFi<\/option><option value=\"Renta Videoportero\">Renta Videoportero<\/option><option value=\"Renta Control de acceso\">Renta Control de acceso<\/option><\/select><\/span>\n<\/div>\n<div class=\"large-8 columns\">\n  <span class=\"wpcf7-form-control-wrap your-message\"><textarea name=\"your-message\" cols=\"40\" rows=\"10\" class=\"wpcf7-form-control wpcf7-textarea\" aria-invalid=\"false\" placeholder=\"Mensaje\"><\/textarea><\/span>\n<\/div>\n<div class=\"large-12 columns text-center\">\n  <input type=\"submit\" value=\"Enviar\" class=\"wpcf7-form-control wpcf7-submit button\" \/>\n<\/div>\n<p style=\"display: none !important;\"><label>&#916;<textarea name=\"_wpcf7_ak_hp_textarea\" cols=\"45\" rows=\"8\" maxlength=\"100\"><\/textarea><\/label><input type=\"hidden\" id=\"ak_js_1\" name=\"_wpcf7_ak_js\" value=\"4\"\/><script>document.getElementById( \"ak_js_1\" ).setAttribute( \"value\", ( new Date() ).getTime() );<\/script><\/p><div class=\"wpcf7-response-output\" role=\"alert\" aria-hidden=\"true\"><\/div><\/form><\/div>[\/vc_column][\/vc_row][vc_row full_width=&#8221;stretch_row_content&#8221;][vc_column css=&#8221;.vc_custom_1589614246761{margin-top: 30px !important;background-color: #e2e2e2 !important;}&#8221;]  <div class=\"carousel_client owl-carousel text-center  animated \" data-animated=bounceIn>\r\n\r\n\r\n\t\t<img  class=\"prettyphoto\" src=\"https:\/\/omegatech.mx\/oficial\/wp-content\/uploads\/2020\/07\/zk2.png\" alt=\"\">\r\n\r\n\r\n\r\n\t\t<img  class=\"prettyphoto\" src=\"https:\/\/omegatech.mx\/oficial\/wp-content\/uploads\/2020\/07\/honey2.png\" alt=\"\">\r\n\r\n\r\n\r\n\t\t<img  class=\"prettyphoto\" src=\"https:\/\/omegatech.mx\/oficial\/wp-content\/uploads\/2020\/07\/zkteco.png\" alt=\"\">\r\n\r\n\r\n\r\n\t\t<img  class=\"prettyphoto\" src=\"https:\/\/omegatech.mx\/oficial\/wp-content\/uploads\/2020\/07\/pan.png\" alt=\"\">\r\n\r\n\r\n\r\n\t\t<img  class=\"prettyphoto\" src=\"https:\/\/omegatech.mx\/oficial\/wp-content\/uploads\/2020\/07\/mm.png\" alt=\"\">\r\n\r\n\r\n\r\n\t\t<img  class=\"prettyphoto\" src=\"https:\/\/omegatech.mx\/oficial\/wp-content\/uploads\/2020\/07\/mimosa.png\" alt=\"\">\r\n\r\n\r\n\r\n\t\t<img  class=\"prettyphoto\" src=\"https:\/\/omegatech.mx\/oficial\/wp-content\/uploads\/2020\/07\/mikro.png\" alt=\"\">\r\n\r\n\r\n\r\n\t\t<img  class=\"prettyphoto\" src=\"https:\/\/omegatech.mx\/oficial\/wp-content\/uploads\/2020\/07\/linked.png\" alt=\"\">\r\n\r\n\r\n\r\n\t\t<img  class=\"prettyphoto\" src=\"https:\/\/omegatech.mx\/oficial\/wp-content\/uploads\/2020\/07\/grand.png\" alt=\"\">\r\n\r\n\r\n\r\n\t\t<img  class=\"prettyphoto\" src=\"https:\/\/omegatech.mx\/oficial\/wp-content\/uploads\/2020\/07\/fanvil.png\" alt=\"\">\r\n\r\n\r\n\r\n\t\t<img  class=\"prettyphoto\" src=\"https:\/\/omegatech.mx\/oficial\/wp-content\/uploads\/2020\/07\/ezviz.png\" alt=\"\">\r\n\r\n  <\/div>\r\n  <div class=\"carousel_client owl-carousel text-center  animated \" data-animated=bounceIn>\r\n\r\n\r\n\t\t<img  class=\"prettyphoto\" src=\"https:\/\/omegatech.mx\/oficial\/wp-content\/uploads\/2020\/04\/vivotek.png\" alt=\"\">\r\n\r\n\r\n\r\n\t\t<img  class=\"prettyphoto\" src=\"https:\/\/omegatech.mx\/oficial\/wp-content\/uploads\/2020\/04\/tp.png\" alt=\"\">\r\n\r\n\r\n\r\n\t\t<img  class=\"prettyphoto\" src=\"https:\/\/omegatech.mx\/oficial\/wp-content\/uploads\/2020\/04\/samsung.png\" alt=\"\">\r\n\r\n\r\n\r\n\t\t<img  class=\"prettyphoto\" src=\"https:\/\/omegatech.mx\/oficial\/wp-content\/uploads\/2020\/04\/intelligent.png\" alt=\"\">\r\n\r\n\r\n\r\n\t\t<img  class=\"prettyphoto\" src=\"https:\/\/omegatech.mx\/oficial\/wp-content\/uploads\/2020\/04\/hr.png\" alt=\"\">\r\n\r\n\r\n\r\n\t\t<img  class=\"prettyphoto\" src=\"https:\/\/omegatech.mx\/oficial\/wp-content\/uploads\/2020\/04\/hink.png\" alt=\"\">\r\n\r\n\r\n\r\n\t\t<img  class=\"prettyphoto\" src=\"https:\/\/omegatech.mx\/oficial\/wp-content\/uploads\/2020\/04\/bosch.png\" alt=\"\">\r\n\r\n\r\n\r\n\t\t<img  class=\"prettyphoto\" src=\"https:\/\/omegatech.mx\/oficial\/wp-content\/uploads\/2020\/04\/dahua.png\" alt=\"\">\r\n\r\n\r\n\r\n\t\t<img  class=\"prettyphoto\" src=\"https:\/\/omegatech.mx\/oficial\/wp-content\/uploads\/2020\/04\/altai.png\" alt=\"\">\r\n\r\n\r\n\r\n\t\t<img  class=\"prettyphoto\" src=\"https:\/\/omegatech.mx\/oficial\/wp-content\/uploads\/2020\/07\/dks.png\" alt=\"\">\r\n\r\n\r\n\r\n\t\t<img  class=\"prettyphoto\" src=\"https:\/\/omegatech.mx\/oficial\/wp-content\/uploads\/2020\/07\/cyber.png\" alt=\"\">\r\n\r\n  <\/div>\r\n[\/vc_column][\/vc_row]<\/p>\n","protected":false},"excerpt":{"rendered":"<p>[vc_row full_width=&#8221;stretch_row_content_no_spaces&#8221; equal_height=&#8221;yes&#8221; css=&#8221;.vc_custom_1590132648805{margin-top: -20px !important;}&#8221;][vc_column width=&#8221;1\/3&#8243; el_class=&#8221;div_overlay&#8221; css=&#8221;.vc_custom_1590177562888{padding-top: 20px !important;padding-right: 20px !important;padding-bottom: 20px !important;padding-left: 20px !important;background-image: url(https:\/\/omegatech.mx\/oficial\/wp-content\/uploads\/2020\/05\/maxresdefault.jpg?id=3050) !important;}&#8221;][vc_single_image image=&#8221;3085&#8243; img_size=&#8221;full&#8221;][\/vc_column][vc_column width=&#8221;1\/3&#8243; el_class=&#8221;div_overlay&#8221; css=&#8221;.vc_custom_1590178033121{padding-top: 20px !important;padding-right: 20px !important;padding-bottom: 20px !important;padding-left: 20px !important;background-image: url(https:\/\/omegatech.mx\/oficial\/wp-content\/uploads\/2020\/05\/Home-theater-tysto2.jpg?id=3082) !important;}&#8221;][vc_single_image image=&#8221;3082&#8243; img_size=&#8221;full&#8221;][\/vc_column][vc_column width=&#8221;1\/3&#8243; el_class=&#8221;div_overlay&#8221; css=&#8221;.vc_custom_1590178110200{padding-top: 20px !important;padding-right: 20px !important;padding-bottom: 20px !important;padding-left: 20px !important;background-image: url(https:\/\/omegatech.mx\/oficial\/wp-content\/uploads\/2020\/05\/gadget-google-assistant-google-home-1072851-1.jpg?id=3051) !important;}&#8221;][vc_single_image image=&#8221;3051&#8243; img_size=&#8221;full&#8221;][\/vc_column][\/vc_row][vc_row full_width=&#8221;stretch_row&#8221; el_class=&#8221;hide-overflow&#8221; css=&#8221;.vc_custom_1588968040773{padding-top: 20px [&hellip;]<\/p>\n","protected":false},"author":1,"featured_media":0,"parent":0,"menu_order":0,"comment_status":"closed","ping_status":"closed","template":"","meta":[],"_links":{"self":[{"href":"https:\/\/omegatech.mx\/oficial\/wp-json\/wp\/v2\/pages\/2943"}],"collection":[{"href":"https:\/\/omegatech.mx\/oficial\/wp-json\/wp\/v2\/pages"}],"about":[{"href":"https:\/\/omegatech.mx\/oficial\/wp-json\/wp\/v2\/types\/page"}],"author":[{"embeddable":true,"href":"https:\/\/omegatech.mx\/oficial\/wp-json\/wp\/v2\/users\/1"}],"replies":[{"embeddable":true,"href":"https:\/\/omegatech.mx\/oficial\/wp-json\/wp\/v2\/comments?post=2943"}],"version-history":[{"count":54,"href":"https:\/\/omegatech.mx\/oficial\/wp-json\/wp\/v2\/pages\/2943\/revisions"}],"predecessor-version":[{"id":4429,"href":"https:\/\/omegatech.mx\/oficial\/wp-json\/wp\/v2\/pages\/2943\/revisions\/4429"}],"wp:attachment":[{"href":"https:\/\/omegatech.mx\/oficial\/wp-json\/wp\/v2\/media?parent=2943"}],"curies":[{"name":"wp","href":"https:\/\/api.w.org\/{rel}","templated":true}]}}