{"id":3002,"date":"2020-05-22T03:46:16","date_gmt":"2020-05-22T03:46:16","guid":{"rendered":"https:\/\/omegatech.mx\/oficial\/?page_id=3002"},"modified":"2021-09-15T00:55:35","modified_gmt":"2021-09-15T00:55:35","slug":"sonido-ghost","status":"publish","type":"page","link":"https:\/\/omegatech.mx\/oficial\/sonido-ghost\/","title":{"rendered":"Sonido Ghost"},"content":{"rendered":"<p>[vc_row full_width=&#8221;stretch_row_content&#8221; equal_height=&#8221;yes&#8221; css=&#8221;.vc_custom_1590176684216{margin-top: -25px !important;}&#8221;][vc_column width=&#8221;1\/3&#8243; el_class=&#8221;div_overlay&#8221; css=&#8221;.vc_custom_1590176776585{padding-top: 20px !important;padding-right: 20px !important;padding-bottom: 20px !important;padding-left: 20px !important;background-image: url(https:\/\/omegatech.mx\/oficial\/wp-content\/uploads\/2020\/05\/bocinagc6.png?id=3005) !important;}&#8221;][vc_single_image image=&#8221;3005&#8243; img_size=&#8221;full&#8221;][\/vc_column][vc_column width=&#8221;1\/3&#8243; el_class=&#8221;div_overlay&#8221; css=&#8221;.vc_custom_1590176824160{padding-top: 20px !important;padding-right: 20px !important;padding-bottom: 20px !important;padding-left: 20px !important;background-image: url(https:\/\/omegatech.mx\/oficial\/wp-content\/uploads\/2020\/05\/bocinagc6.jpg?id=3015) !important;}&#8221;][vc_single_image image=&#8221;3015&#8243; img_size=&#8221;full&#8221;][\/vc_column][vc_column width=&#8221;1\/3&#8243; el_class=&#8221;div_overlay&#8221; css=&#8221;.vc_custom_1590176877711{padding-top: 20px !important;padding-right: 20px !important;padding-bottom: 20px !important;padding-left: 20px !important;background-image: url(https:\/\/omegatech.mx\/oficial\/wp-content\/uploads\/2020\/05\/bocinagc7.jpg?id=3016) !important;}&#8221;][vc_single_image image=&#8221;3016&#8243; img_size=&#8221;full&#8221;][\/vc_column][\/vc_row][vc_row css=&#8221;.vc_custom_1590121421386{margin-top: 30px !important;}&#8221;][vc_column][vc_empty_space][\/vc_column][vc_column width=&#8221;1\/2&#8243;][vc_column_text]<\/p>\n<div class=\"\">\n<div class=\"large-12 wd-title-section_l wd-layout_2\">\n<h1>Ghost Series \u2122<\/h1>\n<\/div>\n<\/div>\n<p>[\/vc_column_text][vc_single_image image=&#8221;3022&#8243; img_size=&#8221;medium&#8221;][\/vc_column][vc_column width=&#8221;1\/2&#8243;][vc_empty_space][vc_row_inner][vc_column_inner width=&#8221;1\/3&#8243;][vc_single_image image=&#8221;3039&#8243; img_size=&#8221;medium&#8221;][\/vc_column_inner][vc_column_inner width=&#8221;1\/3&#8243;][\/vc_column_inner][vc_column_inner width=&#8221;1\/3&#8243;][\/vc_column_inner][\/vc_row_inner][vc_raw_html css=&#8221;.vc_custom_1590122896246{padding-top: 35px !important;}&#8221;]JTNDcCUzRUVzdGElMjBzZXJpZSUyMHByZXNlbnRhJTIwdW4lMjBkaXNlJUMzJUIxbyUyMHBhdGVudGFkbyUyMGNvbiUyMHVuJTIwYWx0YXZveiUyMHRvdGFsbWVudGUlMjBibGFuY28lMkMlMjBxdWUlMjBwcm9wb3JjaW9uYSUyMHVuJTIwYXNwZWN0byUyMHNvZmlzdGljYWRvJTIwZW4lMjB1biUyMHdvb2ZlciUyMGRlJTIwZmlicmElMjBkZSUyMHZpZHJpbyUyMG8lMjBwb2xpcHJvcGlsZW5vLiUyME8lMjBudWVzdHJhJTIwb3BjaSVDMyVCM24lMjBkZSUyMG1heW9yJTIwcmVuZGltaWVudG8lMkMlMjBudWVzdHJvcyUyMGNvbnRyb2xhZG9yZXMlMjBkZSUyMGZpYnJhJTIwZGUlMjB0ZWppZG8lMjBkZSUyMGNhcmJvbm8lMjByb2pvJTJDJTIwcXVlJTIwbGUlMjBkYW4lMjB1biUyMGF0cmFjdGl2byUyMG1vZGVybm8lMjBjb24lMjBsYSUyMG1lam9yJTIwcmVwcm9kdWNjaSVDMyVCM24lMjBkZSUyMHNvbmlkby4lMjAlM0MlMkZwJTNF[\/vc_raw_html][\/vc_column][vc_column][vc_row_inner][vc_column_inner width=&#8221;1\/2&#8243;]\r\n\r\n\r\n\r\n          <section class=\"wd-section-blog text-center style2\">\r\n              <div class=\"wd-blog-post  \" >\r\n                                    <a href=\"\">\r\n                                                                                        <img src=\"https:\/\/omegatech.mx\/oficial\/wp-content\/uploads\/2020\/05\/GC8-AD-3-l.png\" alt=\"icon\"\/>\r\n                      <h4 class=\"wd-title-element\">- Parrilla magn\u00e9tica<\/h4>\r\n                                        <p>\r\n                      Los altavoces Ghost Series \u2122 incluyen una parrilla magn\u00e9tica sin marco patentada de 2 mil\u00edmetros. La parrilla sin montura se adhiere f\u00e1cilmente y cubre el labio. Una vez instalado, no se muestra ninguna parte del altavoz, excepto la parrilla, que hace que el altavoz pr\u00e1cticamente desaparezca en el entorno de instalaci\u00f3n.                  <\/p>\r\n              <\/div>\r\n          <\/section>\r\n    [\/vc_column_inner][vc_column_inner width=&#8221;1\/2&#8243;]\r\n\r\n\r\n\r\n          <section class=\"wd-section-blog text-center style2\">\r\n              <div class=\"wd-blog-post  \" >\r\n                                    <a href=\"\">\r\n                                                                                        <img src=\"https:\/\/omegatech.mx\/oficial\/wp-content\/uploads\/2020\/05\/GC8-l.png\" alt=\"icon\"\/>\r\n                      <h4 class=\"wd-title-element\">- Altavoz de techo de 2 v\u00edas<\/h4>\r\n                                        <p>\r\n                      El altavoz de techo de 2 v\u00edas utiliza un woofer de fibra de carbono de tejido de cobre rojo de 8 ``con un borde de caucho sint\u00e9tico blanco que da como resultado una ca\u00edda de alta frecuencia m\u00e1s pulida, una emisi\u00f3n reducida y excede las frecuencias medias. Un tweeter giratorio de titanio de 1`` brinda un sonido completo rango de sonido suave y reproducci\u00f3n ac\u00fastica mejorada al tiempo que permite a los instaladores la flexibilidad y la opci\u00f3n de dirigir el sonido. El crossover de alto grado utiliza inductores de cobre sin ox\u00edgeno, resistencias cer\u00e1micas de alto vatio y condensadores de alta calidad.                  <\/p>\r\n              <\/div>\r\n          <\/section>\r\n    [\/vc_column_inner][\/vc_row_inner][\/vc_column][\/vc_row][vc_row css=&#8221;.vc_custom_1590121429997{margin-top: 30px !important;}&#8221;][vc_column width=&#8221;1\/3&#8243;][vc_video link=&#8221;https:\/\/youtu.be\/1O5KLqNRW9g&#8221;][\/vc_column][vc_column width=&#8221;1\/3&#8243;][vc_video link=&#8221;https:\/\/youtu.be\/uSKm-nG8lZo&#8221; align=&#8221;center&#8221;][\/vc_column][vc_column width=&#8221;1\/3&#8243;][vc_video link=&#8221;https:\/\/youtu.be\/PPtOgnp9IB0&#8243; align=&#8221;right&#8221;][\/vc_column][\/vc_row][vc_row css=&#8221;.vc_custom_1590121458980{margin-top: 35px !important;}&#8221;][vc_column offset=&#8221;vc_hidden-xs&#8221;][vc_gallery interval=&#8221;3&#8243; images=&#8221;3032,3033,3035&#8243; img_size=&#8221;1400X300&#8243; onclick=&#8221;&#8221; css_animation=&#8221;bounceIn&#8221;][\/vc_column][\/vc_row][vc_row full_width=&#8221;stretch_row&#8221; css=&#8221;.vc_custom_1589612418383{padding-bottom: 15px !important;background-color: #000000 !important;}&#8221;][vc_column width=&#8221;1\/4&#8243;][\/vc_column][vc_column width=&#8221;1\/2&#8243; css=&#8221;.vc_custom_1588970409953{padding-top: 10px !important;}&#8221;]\t\t<div class=\"wd-heading   text-center\" >\r\n\t\t\t\r\n\t\t\t\t\r\n\t\t\t\t<h2 style=\"margin:0;color:#ffffff;\" >\r\n\t\t\t\t\tConf\u00eda en los expertos\t\t\t\t<\/h2>\r\n\r\n        <div style='margin-top: 10px;'><\/div>\t\t\t\t\r\n      \t\t\t\t<h4 style=\"color:#ffffff;\" >\r\n\t\t\t\t\tProveemos seguridad integral en todos los sectores\t\t\t\t<\/h4>\r\n      \r\n\t\t\t\t\r\n\t\t\t\t\t<\/div>\r\n\r\n\t\t[\/vc_column][vc_column width=&#8221;1\/4&#8243;][\/vc_column][\/vc_row][vc_row css=&#8221;.vc_custom_1589612236928{background: #000000 url(https:\/\/omegatech.mx\/oficial\/wp-content\/uploads\/2018\/02\/parcking.jpg?id=1869) !important;}&#8221;][vc_column width=&#8221;1\/4&#8243; css=&#8221;.vc_custom_1589612475729{margin-top: -15px !important;padding-top: 25px !important;padding-left: 30px !important;background-color: #dd3333 !important;}&#8221;]\r\n\r\n<div class=\"wd_empty_space\" data-heightmobile=\"80\" data-heighttablet=\"50\" data-heightdesktop=\"0\">\r\n\r\n<\/div>\r\n      \r\n\r\n\r\n\r\n        \r\n      \r\n    \r\n\r\n<div class=\"\" >\r\n  <div class=\"large-12   wd-title-section_l wd-layout_2\" >\r\n            <div class=\"subtitle-content\">\r\n        <h5 style=\"color:#ffffff\">Env\u00edanos tu pedido<\/h5>\r\n        <hr>\r\n      <\/div>\r\n                <h2 style=\"color:#ffffff\">Cotiza ahora!<\/h2>\r\n    \r\n  <\/div>\r\n<\/div>\r\n\r\n  \r\n\r\n\r\n<div class=\"wd_empty_space\" data-heightmobile=\"45\" data-heighttablet=\"40\" data-heightdesktop=\"0\">\r\n\r\n<\/div>\r\n      \r\n\r\n\r\n\r\n        \r\n      \r\n    [\/vc_column][vc_column width=&#8221;3\/4&#8243; css=&#8221;.vc_custom_1589612139435{padding-top: 20px !important;padding-left: 20px !important;}&#8221;]<div role=\"form\" class=\"wpcf7\" id=\"wpcf7-f701-o1\" lang=\"en-US\" dir=\"ltr\">\n<div class=\"screen-reader-response\" role=\"alert\" aria-live=\"polite\"><\/div>\n<form action=\"\/oficial\/wp-json\/wp\/v2\/pages\/3002#wpcf7-f701-o1\" method=\"post\" class=\"wpcf7-form init\" novalidate=\"novalidate\">\n<div style=\"display: none;\">\n<input type=\"hidden\" name=\"_wpcf7\" value=\"701\" \/>\n<input type=\"hidden\" name=\"_wpcf7_version\" value=\"5.2\" \/>\n<input type=\"hidden\" name=\"_wpcf7_locale\" value=\"en_US\" \/>\n<input type=\"hidden\" name=\"_wpcf7_unit_tag\" value=\"wpcf7-f701-o1\" \/>\n<input type=\"hidden\" name=\"_wpcf7_container_post\" value=\"0\" \/>\n<input type=\"hidden\" name=\"_wpcf7_posted_data_hash\" value=\"\" \/>\n<\/div>\n<div class=\"large-4 columns\">\n  <span class=\"wpcf7-form-control-wrap your-name\"><input type=\"text\" name=\"your-name\" value=\"\" size=\"40\" class=\"wpcf7-form-control wpcf7-text wpcf7-validates-as-required\" aria-required=\"true\" aria-invalid=\"false\" placeholder=\"Nombre completo\" \/><\/span>\n<\/div>\n<div class=\"large-4 columns\">\n  <span class=\"wpcf7-form-control-wrap your-email\"><input type=\"email\" name=\"your-email\" value=\"\" size=\"40\" class=\"wpcf7-form-control wpcf7-text wpcf7-email wpcf7-validates-as-required wpcf7-validates-as-email\" aria-required=\"true\" aria-invalid=\"false\" placeholder=\"Mail\" \/><\/span>\n<\/div>\n<div class=\"large-4 columns\">\n  <span class=\"wpcf7-form-control-wrap telefono\"><input type=\"tel\" name=\"telefono\" value=\"\" size=\"40\" class=\"wpcf7-form-control wpcf7-text wpcf7-tel wpcf7-validates-as-required wpcf7-validates-as-tel\" aria-required=\"true\" aria-invalid=\"false\" placeholder=\"Tel\u00e9fono de contacto\" \/><\/span>\n<\/div>\n<div class=\"large-2 columns\">\n  <span class=\"wpcf7-form-control-wrap Servicio\"><select name=\"Servicio\" class=\"wpcf7-form-control wpcf7-select wpcf7-validates-as-required\" aria-required=\"true\" aria-invalid=\"false\"><option value=\"Elige Servicio\">Elige Servicio<\/option><option value=\"Videovigilancia\">Videovigilancia<\/option><option value=\"Control de acceso\">Control de acceso<\/option><option value=\"Alarmas\">Alarmas<\/option><option value=\"Seguridad perimetral\">Seguridad perimetral<\/option><option value=\"Dom\u00f3tica\">Dom\u00f3tica<\/option><option value=\"Internet\">Internet<\/option><option value=\"Redes\">Redes<\/option><option value=\"Energ\u00eda\">Energ\u00eda<\/option><\/select><\/span>\n<\/div>\n<div class=\"large-2 columns\">\n  <span class=\"wpcf7-form-control-wrap Sector\"><select name=\"Sector\" class=\"wpcf7-form-control wpcf7-select wpcf7-validates-as-required\" aria-required=\"true\" aria-invalid=\"false\"><option value=\"Elige Sector\">Elige Sector<\/option><option value=\"Residencial\">Residencial<\/option><option value=\"Empresarial\">Empresarial<\/option><option value=\"Negocio\">Negocio<\/option><option value=\"Desarrollos habitacionales\">Desarrollos habitacionales<\/option><option value=\"Gubernamental\">Gubernamental<\/option><option value=\"Industrial\">Industrial<\/option><\/select><\/span>\n<\/div>\n<div class=\"large-2 columns\">\n  <span class=\"wpcf7-form-control-wrap Plan\"><select name=\"Plan\" class=\"wpcf7-form-control wpcf7-select wpcf7-validates-as-required\" aria-required=\"true\" aria-invalid=\"false\"><option value=\"Elige Plan\">Elige Plan<\/option><option value=\"Renta Alarma\">Renta Alarma<\/option><option value=\"Renta CCTV\">Renta CCTV<\/option><option value=\"Renta WiFi\">Renta WiFi<\/option><option value=\"Renta Videoportero\">Renta Videoportero<\/option><option value=\"Renta Control de acceso\">Renta Control de acceso<\/option><\/select><\/span>\n<\/div>\n<div class=\"large-8 columns\">\n  <span class=\"wpcf7-form-control-wrap your-message\"><textarea name=\"your-message\" cols=\"40\" rows=\"10\" class=\"wpcf7-form-control wpcf7-textarea\" aria-invalid=\"false\" placeholder=\"Mensaje\"><\/textarea><\/span>\n<\/div>\n<div class=\"large-12 columns text-center\">\n  <input type=\"submit\" value=\"Enviar\" class=\"wpcf7-form-control wpcf7-submit button\" \/>\n<\/div>\n<p style=\"display: none !important;\"><label>&#916;<textarea name=\"_wpcf7_ak_hp_textarea\" cols=\"45\" rows=\"8\" maxlength=\"100\"><\/textarea><\/label><input type=\"hidden\" id=\"ak_js_1\" name=\"_wpcf7_ak_js\" value=\"7\"\/><script>document.getElementById( \"ak_js_1\" ).setAttribute( \"value\", ( new Date() ).getTime() );<\/script><\/p><div class=\"wpcf7-response-output\" role=\"alert\" aria-hidden=\"true\"><\/div><\/form><\/div>[\/vc_column][\/vc_row][vc_row full_width=&#8221;stretch_row_content&#8221;][vc_column css=&#8221;.vc_custom_1589614246761{margin-top: 30px !important;background-color: #e2e2e2 !important;}&#8221;]  <div class=\"carousel_client owl-carousel text-center  animated \" data-animated=bounceIn>\r\n\r\n\r\n\t\t<img  class=\"prettyphoto\" src=\"https:\/\/omegatech.mx\/oficial\/wp-content\/uploads\/2020\/07\/zk2.png\" alt=\"\">\r\n\r\n\r\n\r\n\t\t<img  class=\"prettyphoto\" src=\"https:\/\/omegatech.mx\/oficial\/wp-content\/uploads\/2020\/07\/honey2.png\" alt=\"\">\r\n\r\n\r\n\r\n\t\t<img  class=\"prettyphoto\" src=\"https:\/\/omegatech.mx\/oficial\/wp-content\/uploads\/2020\/07\/zkteco.png\" alt=\"\">\r\n\r\n\r\n\r\n\t\t<img  class=\"prettyphoto\" src=\"https:\/\/omegatech.mx\/oficial\/wp-content\/uploads\/2020\/07\/pan.png\" alt=\"\">\r\n\r\n\r\n\r\n\t\t<img  class=\"prettyphoto\" src=\"https:\/\/omegatech.mx\/oficial\/wp-content\/uploads\/2020\/07\/mm.png\" alt=\"\">\r\n\r\n\r\n\r\n\t\t<img  class=\"prettyphoto\" src=\"https:\/\/omegatech.mx\/oficial\/wp-content\/uploads\/2020\/07\/mimosa.png\" alt=\"\">\r\n\r\n\r\n\r\n\t\t<img  class=\"prettyphoto\" src=\"https:\/\/omegatech.mx\/oficial\/wp-content\/uploads\/2020\/07\/mikro.png\" alt=\"\">\r\n\r\n\r\n\r\n\t\t<img  class=\"prettyphoto\" src=\"https:\/\/omegatech.mx\/oficial\/wp-content\/uploads\/2020\/07\/linked.png\" alt=\"\">\r\n\r\n\r\n\r\n\t\t<img  class=\"prettyphoto\" src=\"https:\/\/omegatech.mx\/oficial\/wp-content\/uploads\/2020\/07\/grand.png\" alt=\"\">\r\n\r\n\r\n\r\n\t\t<img  class=\"prettyphoto\" src=\"https:\/\/omegatech.mx\/oficial\/wp-content\/uploads\/2020\/07\/fanvil.png\" alt=\"\">\r\n\r\n\r\n\r\n\t\t<img  class=\"prettyphoto\" src=\"https:\/\/omegatech.mx\/oficial\/wp-content\/uploads\/2020\/07\/ezviz.png\" alt=\"\">\r\n\r\n  <\/div>\r\n  <div class=\"carousel_client owl-carousel text-center  animated \" data-animated=bounceIn>\r\n\r\n\r\n\t\t<img  class=\"prettyphoto\" src=\"https:\/\/omegatech.mx\/oficial\/wp-content\/uploads\/2020\/04\/vivotek.png\" alt=\"\">\r\n\r\n\r\n\r\n\t\t<img  class=\"prettyphoto\" src=\"https:\/\/omegatech.mx\/oficial\/wp-content\/uploads\/2020\/04\/tp.png\" alt=\"\">\r\n\r\n\r\n\r\n\t\t<img  class=\"prettyphoto\" src=\"https:\/\/omegatech.mx\/oficial\/wp-content\/uploads\/2020\/04\/samsung.png\" alt=\"\">\r\n\r\n\r\n\r\n\t\t<img  class=\"prettyphoto\" src=\"https:\/\/omegatech.mx\/oficial\/wp-content\/uploads\/2020\/04\/intelligent.png\" alt=\"\">\r\n\r\n\r\n\r\n\t\t<img  class=\"prettyphoto\" src=\"https:\/\/omegatech.mx\/oficial\/wp-content\/uploads\/2020\/04\/hr.png\" alt=\"\">\r\n\r\n\r\n\r\n\t\t<img  class=\"prettyphoto\" src=\"https:\/\/omegatech.mx\/oficial\/wp-content\/uploads\/2020\/04\/hink.png\" alt=\"\">\r\n\r\n\r\n\r\n\t\t<img  class=\"prettyphoto\" src=\"https:\/\/omegatech.mx\/oficial\/wp-content\/uploads\/2020\/04\/bosch.png\" alt=\"\">\r\n\r\n\r\n\r\n\t\t<img  class=\"prettyphoto\" src=\"https:\/\/omegatech.mx\/oficial\/wp-content\/uploads\/2020\/04\/dahua.png\" alt=\"\">\r\n\r\n\r\n\r\n\t\t<img  class=\"prettyphoto\" src=\"https:\/\/omegatech.mx\/oficial\/wp-content\/uploads\/2020\/04\/altai.png\" alt=\"\">\r\n\r\n\r\n\r\n\t\t<img  class=\"prettyphoto\" src=\"https:\/\/omegatech.mx\/oficial\/wp-content\/uploads\/2020\/07\/dks.png\" alt=\"\">\r\n\r\n\r\n\r\n\t\t<img  class=\"prettyphoto\" src=\"https:\/\/omegatech.mx\/oficial\/wp-content\/uploads\/2020\/07\/cyber.png\" alt=\"\">\r\n\r\n  <\/div>\r\n[\/vc_column][\/vc_row]<\/p>\n","protected":false},"excerpt":{"rendered":"<p>[vc_row full_width=&#8221;stretch_row_content&#8221; equal_height=&#8221;yes&#8221; css=&#8221;.vc_custom_1590176684216{margin-top: -25px !important;}&#8221;][vc_column width=&#8221;1\/3&#8243; el_class=&#8221;div_overlay&#8221; css=&#8221;.vc_custom_1590176776585{padding-top: 20px !important;padding-right: 20px !important;padding-bottom: 20px !important;padding-left: 20px !important;background-image: url(https:\/\/omegatech.mx\/oficial\/wp-content\/uploads\/2020\/05\/bocinagc6.png?id=3005) !important;}&#8221;][vc_single_image image=&#8221;3005&#8243; img_size=&#8221;full&#8221;][\/vc_column][vc_column width=&#8221;1\/3&#8243; el_class=&#8221;div_overlay&#8221; css=&#8221;.vc_custom_1590176824160{padding-top: 20px !important;padding-right: 20px !important;padding-bottom: 20px !important;padding-left: 20px !important;background-image: url(https:\/\/omegatech.mx\/oficial\/wp-content\/uploads\/2020\/05\/bocinagc6.jpg?id=3015) !important;}&#8221;][vc_single_image image=&#8221;3015&#8243; img_size=&#8221;full&#8221;][\/vc_column][vc_column width=&#8221;1\/3&#8243; el_class=&#8221;div_overlay&#8221; css=&#8221;.vc_custom_1590176877711{padding-top: 20px !important;padding-right: 20px !important;padding-bottom: 20px !important;padding-left: 20px !important;background-image: url(https:\/\/omegatech.mx\/oficial\/wp-content\/uploads\/2020\/05\/bocinagc7.jpg?id=3016) !important;}&#8221;][vc_single_image image=&#8221;3016&#8243; img_size=&#8221;full&#8221;][\/vc_column][\/vc_row][vc_row css=&#8221;.vc_custom_1590121421386{margin-top: 30px !important;}&#8221;][vc_column][vc_empty_space][\/vc_column][vc_column width=&#8221;1\/2&#8243;][vc_column_text] [&hellip;]<\/p>\n","protected":false},"author":1,"featured_media":0,"parent":0,"menu_order":0,"comment_status":"closed","ping_status":"closed","template":"","meta":[],"_links":{"self":[{"href":"https:\/\/omegatech.mx\/oficial\/wp-json\/wp\/v2\/pages\/3002"}],"collection":[{"href":"https:\/\/omegatech.mx\/oficial\/wp-json\/wp\/v2\/pages"}],"about":[{"href":"https:\/\/omegatech.mx\/oficial\/wp-json\/wp\/v2\/types\/page"}],"author":[{"embeddable":true,"href":"https:\/\/omegatech.mx\/oficial\/wp-json\/wp\/v2\/users\/1"}],"replies":[{"embeddable":true,"href":"https:\/\/omegatech.mx\/oficial\/wp-json\/wp\/v2\/comments?post=3002"}],"version-history":[{"count":33,"href":"https:\/\/omegatech.mx\/oficial\/wp-json\/wp\/v2\/pages\/3002\/revisions"}],"predecessor-version":[{"id":4428,"href":"https:\/\/omegatech.mx\/oficial\/wp-json\/wp\/v2\/pages\/3002\/revisions\/4428"}],"wp:attachment":[{"href":"https:\/\/omegatech.mx\/oficial\/wp-json\/wp\/v2\/media?parent=3002"}],"curies":[{"name":"wp","href":"https:\/\/api.w.org\/{rel}","templated":true}]}}